{"id":1997,"date":"2026-01-21T18:05:03","date_gmt":"2026-01-21T17:05:03","guid":{"rendered":"https:\/\/domainedesgeleries.com\/?post_type=product&#038;p=1997"},"modified":"2026-05-02T19:00:00","modified_gmt":"2026-05-02T17:00:00","slug":"bourgueil-vieilles-vignes-2024","status":"publish","type":"product","link":"https:\/\/domainedesgeleries.com\/index.php\/produit\/bourgueil-vieilles-vignes-2024\/","title":{"rendered":"Bourgueil &#8211; Vieilles Vignes 2024"},"content":{"rendered":"<p><strong>2024 &#8211; rouge &#8211; 13%<\/strong><\/p>\n<p><u><i>D\u00e9gustation :<\/i><\/u><\/p>\n<p>Le nez s\u2019ouvre sur des notes florales subtiles, rapidement rejointes par des ar\u00f4mes fum\u00e9s, grill\u00e9es. La bouche est \u00e9quilibr\u00e9e et harmonieuse. On retrouve les notes grill\u00e9es et de moka per\u00e7ues au nez, qui s\u2019\u00e9tirent avec souplesse. Apr\u00e8s a\u00e9ration, le vin gagne en profondeur et d\u00e9voile de d\u00e9licates touches \u00e9pic\u00e9es. Un vin harmonieux et \u00e9volutif, qui demande un peu de patience dans le verre pour r\u00e9v\u00e9ler toute sa richesse<\/p>\n<p>Conseil de garde : 1-5 ans. Possibilit\u00e9 de le d\u00e9couvrir plus pr\u00e9cocement en le carafant \u00e0 temp\u00e9rature ambiante 2h avant d\u00e9gustation.<\/p>\n<p><u>Distinction <\/u>: M\u00e9daille d\u2019Or au Concours de M\u00e2con 2025.<\/p>\n","protected":false},"excerpt":{"rendered":"<p><strong>2024 &#8211; rouge &#8211; 13%<\/strong><\/p>\n<p>Bourgueil &#8211; Vieilles vignes<\/p>\n<p><u>Distinction <\/u>: M\u00e9daille d\u2019Or au Concours de M\u00e2con 2025.<\/p>\n","protected":false},"featured_media":2066,"template":"","meta":{"neve_meta_sidebar":"","neve_meta_container":"","neve_meta_enable_content_width":"off","neve_meta_content_width":70,"neve_meta_title_alignment":"","neve_meta_author_avatar":"","neve_post_elements_order":"","neve_meta_disable_header":"","neve_meta_disable_footer":"","neve_meta_disable_title":""},"product_brand":[],"product_cat":[23],"product_tag":[],"class_list":{"0":"post-1997","1":"product","2":"type-product","3":"status-publish","4":"has-post-thumbnail","6":"product_cat-bourgueil","7":"product_shipping_class-bouteille","9":"first","10":"instock","11":"taxable","12":"shipping-taxable","13":"purchasable","14":"product-type-simple"},"yoast_head":"<!-- This site is optimized with the Yoast SEO plugin v27.5 - https:\/\/yoast.com\/product\/yoast-seo-wordpress\/ -->\n<title>Bourgueil - Vieilles Vignes 2024 - Domaine des G\u00e9l\u00e9ries<\/title>\n<meta name=\"robots\" content=\"index, follow, max-snippet:-1, max-image-preview:large, max-video-preview:-1\" \/>\n<link rel=\"canonical\" href=\"https:\/\/domainedesgeleries.com\/index.php\/produit\/bourgueil-vieilles-vignes-2024\/\" \/>\n<meta property=\"og:locale\" content=\"fr_FR\" \/>\n<meta property=\"og:type\" content=\"article\" \/>\n<meta property=\"og:title\" content=\"Bourgueil - Vieilles Vignes 2024 - Domaine des G\u00e9l\u00e9ries\" \/>\n<meta property=\"og:description\" content=\"2024 - rouge - 13%  Bourgueil - Vieilles vignes  Distinction : M\u00e9daille d\u2019Or au Concours de M\u00e2con 2025.\" \/>\n<meta property=\"og:url\" content=\"https:\/\/domainedesgeleries.com\/index.php\/produit\/bourgueil-vieilles-vignes-2024\/\" \/>\n<meta property=\"og:site_name\" content=\"Domaine des G\u00e9l\u00e9ries\" \/>\n<meta property=\"article:publisher\" content=\"https:\/\/www.facebook.com\/domainedesgeleries\/\" \/>\n<meta property=\"article:modified_time\" content=\"2026-05-02T17:00:00+00:00\" \/>\n<meta property=\"og:image\" content=\"https:\/\/mlzmfwuqjosb.i.optimole.com\/w:auto\/h:auto\/q:mauto\/f:best\/https:\/\/domainedesgeleries.com\/wp-content\/uploads\/2026\/01\/bourgueil-2024-vielles-vignes-scaled.jpg\" \/>\n\t<meta property=\"og:image:width\" content=\"1924\" \/>\n\t<meta property=\"og:image:height\" content=\"2560\" \/>\n\t<meta property=\"og:image:type\" content=\"image\/jpeg\" \/>\n<meta name=\"twitter:card\" content=\"summary_large_image\" \/>\n<meta name=\"twitter:label1\" content=\"Dur\u00e9e de lecture estim\u00e9e\" \/>\n\t<meta name=\"twitter:data1\" content=\"1 minute\" \/>\n<script type=\"application\/ld+json\" class=\"yoast-schema-graph\">{\"@context\":\"https:\\\/\\\/schema.org\",\"@graph\":[{\"@type\":\"WebPage\",\"@id\":\"https:\\\/\\\/domainedesgeleries.com\\\/index.php\\\/produit\\\/bourgueil-vieilles-vignes-2024\\\/\",\"url\":\"https:\\\/\\\/domainedesgeleries.com\\\/index.php\\\/produit\\\/bourgueil-vieilles-vignes-2024\\\/\",\"name\":\"Bourgueil - Vieilles Vignes 2024 - Domaine des G\u00e9l\u00e9ries\",\"isPartOf\":{\"@id\":\"https:\\\/\\\/domainedesgeleries.com\\\/#website\"},\"primaryImageOfPage\":{\"@id\":\"https:\\\/\\\/domainedesgeleries.com\\\/index.php\\\/produit\\\/bourgueil-vieilles-vignes-2024\\\/#primaryimage\"},\"image\":{\"@id\":\"https:\\\/\\\/domainedesgeleries.com\\\/index.php\\\/produit\\\/bourgueil-vieilles-vignes-2024\\\/#primaryimage\"},\"thumbnailUrl\":\"https:\\/\\/domainedesgeleries.com\\/wp-content\\/uploads\\/2026\\/01\\/bourgueil-2024-vielles-vignes-scaled.jpg\",\"datePublished\":\"2026-01-21T17:05:03+00:00\",\"dateModified\":\"2026-05-02T17:00:00+00:00\",\"breadcrumb\":{\"@id\":\"https:\\\/\\\/domainedesgeleries.com\\\/index.php\\\/produit\\\/bourgueil-vieilles-vignes-2024\\\/#breadcrumb\"},\"inLanguage\":\"fr-FR\",\"potentialAction\":[{\"@type\":\"ReadAction\",\"target\":[\"https:\\\/\\\/domainedesgeleries.com\\\/index.php\\\/produit\\\/bourgueil-vieilles-vignes-2024\\\/\"]}]},{\"@type\":\"ImageObject\",\"inLanguage\":\"fr-FR\",\"@id\":\"https:\\\/\\\/domainedesgeleries.com\\\/index.php\\\/produit\\\/bourgueil-vieilles-vignes-2024\\\/#primaryimage\",\"url\":\"https:\\/\\/domainedesgeleries.com\\/wp-content\\/uploads\\/2026\\/01\\/bourgueil-2024-vielles-vignes-scaled.jpg\",\"contentUrl\":\"https:\\/\\/domainedesgeleries.com\\/wp-content\\/uploads\\/2026\\/01\\/bourgueil-2024-vielles-vignes-scaled.jpg\",\"width\":1924,\"height\":2560},{\"@type\":\"BreadcrumbList\",\"@id\":\"https:\\\/\\\/domainedesgeleries.com\\\/index.php\\\/produit\\\/bourgueil-vieilles-vignes-2024\\\/#breadcrumb\",\"itemListElement\":[{\"@type\":\"ListItem\",\"position\":1,\"name\":\"Accueil\",\"item\":\"https:\\\/\\\/domainedesgeleries.com\\\/\"},{\"@type\":\"ListItem\",\"position\":2,\"name\":\"Les Cuv\u00e9es\",\"item\":\"https:\\\/\\\/domainedesgeleries.com\\\/index.php\\\/lescuvees\\\/\"},{\"@type\":\"ListItem\",\"position\":3,\"name\":\"Bourgueil &#8211; Vieilles Vignes 2024\"}]},{\"@type\":\"WebSite\",\"@id\":\"https:\\\/\\\/domainedesgeleries.com\\\/#website\",\"url\":\"https:\\\/\\\/domainedesgeleries.com\\\/\",\"name\":\"Domaine des G\u00e9l\u00e9ries\",\"description\":\"Vignerons depuis 1913\",\"publisher\":{\"@id\":\"https:\\\/\\\/domainedesgeleries.com\\\/#organization\"},\"potentialAction\":[{\"@type\":\"SearchAction\",\"target\":{\"@type\":\"EntryPoint\",\"urlTemplate\":\"https:\\\/\\\/domainedesgeleries.com\\\/?s={search_term_string}\"},\"query-input\":{\"@type\":\"PropertyValueSpecification\",\"valueRequired\":true,\"valueName\":\"search_term_string\"}}],\"inLanguage\":\"fr-FR\"},{\"@type\":\"Organization\",\"@id\":\"https:\\\/\\\/domainedesgeleries.com\\\/#organization\",\"name\":\"Domaine des G\u00e9l\u00e9ries\",\"url\":\"https:\\\/\\\/domainedesgeleries.com\\\/\",\"logo\":{\"@type\":\"ImageObject\",\"inLanguage\":\"fr-FR\",\"@id\":\"https:\\\/\\\/domainedesgeleries.com\\\/#\\\/schema\\\/logo\\\/image\\\/\",\"url\":\"https:\\/\\/domainedesgeleries.com\\/wp-content\\/uploads\\/2020\\/06\\/logo-domaine-des-geleries-1.png\",\"contentUrl\":\"https:\\/\\/domainedesgeleries.com\\/wp-content\\/uploads\\/2020\\/06\\/logo-domaine-des-geleries-1.png\",\"width\":400,\"height\":190,\"caption\":\"Domaine des G\u00e9l\u00e9ries\"},\"image\":{\"@id\":\"https:\\\/\\\/domainedesgeleries.com\\\/#\\\/schema\\\/logo\\\/image\\\/\"},\"sameAs\":[\"https:\\\/\\\/www.facebook.com\\\/domainedesgeleries\\\/\"]}]}<\/script>\n<!-- \/ Yoast SEO plugin. -->","yoast_head_json":{"title":"Bourgueil - Vieilles Vignes 2024 - Domaine des G\u00e9l\u00e9ries","robots":{"index":"index","follow":"follow","max-snippet":"max-snippet:-1","max-image-preview":"max-image-preview:large","max-video-preview":"max-video-preview:-1"},"canonical":"https:\/\/domainedesgeleries.com\/index.php\/produit\/bourgueil-vieilles-vignes-2024\/","og_locale":"fr_FR","og_type":"article","og_title":"Bourgueil - Vieilles Vignes 2024 - Domaine des G\u00e9l\u00e9ries","og_description":"2024 - rouge - 13%  Bourgueil - Vieilles vignes  Distinction : M\u00e9daille d\u2019Or au Concours de M\u00e2con 2025.","og_url":"https:\/\/domainedesgeleries.com\/index.php\/produit\/bourgueil-vieilles-vignes-2024\/","og_site_name":"Domaine des G\u00e9l\u00e9ries","article_publisher":"https:\/\/www.facebook.com\/domainedesgeleries\/","article_modified_time":"2026-05-02T17:00:00+00:00","og_image":[{"width":1924,"height":2560,"url":"https:\/\/mlzmfwuqjosb.i.optimole.com\/w:auto\/h:auto\/q:mauto\/f:best\/https:\/\/domainedesgeleries.com\/wp-content\/uploads\/2026\/01\/bourgueil-2024-vielles-vignes-scaled.jpg","type":"image\/jpeg"}],"twitter_card":"summary_large_image","twitter_misc":{"Dur\u00e9e de lecture estim\u00e9e":"1 minute"},"schema":{"@context":"https:\/\/schema.org","@graph":[{"@type":"WebPage","@id":"https:\/\/domainedesgeleries.com\/index.php\/produit\/bourgueil-vieilles-vignes-2024\/","url":"https:\/\/domainedesgeleries.com\/index.php\/produit\/bourgueil-vieilles-vignes-2024\/","name":"Bourgueil - Vieilles Vignes 2024 - Domaine des G\u00e9l\u00e9ries","isPartOf":{"@id":"https:\/\/domainedesgeleries.com\/#website"},"primaryImageOfPage":{"@id":"https:\/\/domainedesgeleries.com\/index.php\/produit\/bourgueil-vieilles-vignes-2024\/#primaryimage"},"image":{"@id":"https:\/\/domainedesgeleries.com\/index.php\/produit\/bourgueil-vieilles-vignes-2024\/#primaryimage"},"thumbnailUrl":"https:\/\/mlzmfwuqjosb.i.optimole.com\/w:auto\/h:auto\/q:mauto\/f:best\/https:\/\/domainedesgeleries.com\/wp-content\/uploads\/2026\/01\/bourgueil-2024-vielles-vignes-scaled.jpg","datePublished":"2026-01-21T17:05:03+00:00","dateModified":"2026-05-02T17:00:00+00:00","breadcrumb":{"@id":"https:\/\/domainedesgeleries.com\/index.php\/produit\/bourgueil-vieilles-vignes-2024\/#breadcrumb"},"inLanguage":"fr-FR","potentialAction":[{"@type":"ReadAction","target":["https:\/\/domainedesgeleries.com\/index.php\/produit\/bourgueil-vieilles-vignes-2024\/"]}]},{"@type":"ImageObject","inLanguage":"fr-FR","@id":"https:\/\/domainedesgeleries.com\/index.php\/produit\/bourgueil-vieilles-vignes-2024\/#primaryimage","url":"https:\/\/mlzmfwuqjosb.i.optimole.com\/w:auto\/h:auto\/q:mauto\/f:best\/https:\/\/domainedesgeleries.com\/wp-content\/uploads\/2026\/01\/bourgueil-2024-vielles-vignes-scaled.jpg","contentUrl":"https:\/\/mlzmfwuqjosb.i.optimole.com\/w:auto\/h:auto\/q:mauto\/f:best\/https:\/\/domainedesgeleries.com\/wp-content\/uploads\/2026\/01\/bourgueil-2024-vielles-vignes-scaled.jpg","width":1924,"height":2560},{"@type":"BreadcrumbList","@id":"https:\/\/domainedesgeleries.com\/index.php\/produit\/bourgueil-vieilles-vignes-2024\/#breadcrumb","itemListElement":[{"@type":"ListItem","position":1,"name":"Accueil","item":"https:\/\/domainedesgeleries.com\/"},{"@type":"ListItem","position":2,"name":"Les Cuv\u00e9es","item":"https:\/\/domainedesgeleries.com\/index.php\/lescuvees\/"},{"@type":"ListItem","position":3,"name":"Bourgueil &#8211; Vieilles Vignes 2024"}]},{"@type":"WebSite","@id":"https:\/\/domainedesgeleries.com\/#website","url":"https:\/\/domainedesgeleries.com\/","name":"Domaine des G\u00e9l\u00e9ries","description":"Vignerons depuis 1913","publisher":{"@id":"https:\/\/domainedesgeleries.com\/#organization"},"potentialAction":[{"@type":"SearchAction","target":{"@type":"EntryPoint","urlTemplate":"https:\/\/domainedesgeleries.com\/?s={search_term_string}"},"query-input":{"@type":"PropertyValueSpecification","valueRequired":true,"valueName":"search_term_string"}}],"inLanguage":"fr-FR"},{"@type":"Organization","@id":"https:\/\/domainedesgeleries.com\/#organization","name":"Domaine des G\u00e9l\u00e9ries","url":"https:\/\/domainedesgeleries.com\/","logo":{"@type":"ImageObject","inLanguage":"fr-FR","@id":"https:\/\/domainedesgeleries.com\/#\/schema\/logo\/image\/","url":"https:\/\/mlzmfwuqjosb.i.optimole.com\/w:auto\/h:auto\/q:mauto\/f:best\/https:\/\/domainedesgeleries.com\/wp-content\/uploads\/2020\/06\/logo-domaine-des-geleries-1.png","contentUrl":"https:\/\/mlzmfwuqjosb.i.optimole.com\/w:auto\/h:auto\/q:mauto\/f:best\/https:\/\/domainedesgeleries.com\/wp-content\/uploads\/2020\/06\/logo-domaine-des-geleries-1.png","width":400,"height":190,"caption":"Domaine des G\u00e9l\u00e9ries"},"image":{"@id":"https:\/\/domainedesgeleries.com\/#\/schema\/logo\/image\/"},"sameAs":["https:\/\/www.facebook.com\/domainedesgeleries\/"]}]}},"_links":{"self":[{"href":"https:\/\/domainedesgeleries.com\/index.php\/wp-json\/wp\/v2\/product\/1997","targetHints":{"allow":["GET"]}}],"collection":[{"href":"https:\/\/domainedesgeleries.com\/index.php\/wp-json\/wp\/v2\/product"}],"about":[{"href":"https:\/\/domainedesgeleries.com\/index.php\/wp-json\/wp\/v2\/types\/product"}],"wp:featuredmedia":[{"embeddable":true,"href":"https:\/\/domainedesgeleries.com\/index.php\/wp-json\/wp\/v2\/media\/2066"}],"wp:attachment":[{"href":"https:\/\/domainedesgeleries.com\/index.php\/wp-json\/wp\/v2\/media?parent=1997"}],"wp:term":[{"taxonomy":"product_brand","embeddable":true,"href":"https:\/\/domainedesgeleries.com\/index.php\/wp-json\/wp\/v2\/product_brand?post=1997"},{"taxonomy":"product_cat","embeddable":true,"href":"https:\/\/domainedesgeleries.com\/index.php\/wp-json\/wp\/v2\/product_cat?post=1997"},{"taxonomy":"product_tag","embeddable":true,"href":"https:\/\/domainedesgeleries.com\/index.php\/wp-json\/wp\/v2\/product_tag?post=1997"}],"curies":[{"name":"wp","href":"https:\/\/api.w.org\/{rel}","templated":true}]}}