{"id":223,"date":"2020-06-26T18:40:44","date_gmt":"2020-06-26T16:40:44","guid":{"rendered":"http:\/\/www.domainedesgeleries.com\/?page_id=223"},"modified":"2025-11-19T18:58:46","modified_gmt":"2025-11-19T17:58:46","slug":"conditions-generales-de-vente","status":"publish","type":"page","link":"https:\/\/domainedesgeleries.com\/index.php\/conditions-generales-de-vente\/","title":{"rendered":"Conditions g\u00e9n\u00e9rales de vente"},"content":{"rendered":"\n<ul class=\"wp-block-list\">\n<li>Les pr\u00e9sentes conditions de vente visent \u00e0 d\u00e9finir les relations contractuelles entre Le Domaine des G\u00e9l\u00e9ries, 4 Rue des Geleries, 37140 Bourgueil,  Cr\u00e9dit Agricole, FR 76 1940 6370 0478 7776 1500 170, et l\u2019acheteur et les conditions applicables \u00e0 tout achat effectu\u00e9 par le biais du site marchand du Domaine des G\u00e9l\u00e9ries, que l\u2019acheteur soit professionnel ou consommateur en application des dispositions de la r\u00e9glementation sur les ventes conclues par voie \u00e9lectronique. L\u2019acquisition d\u2019un bien \u00e0 travers le pr\u00e9sent site implique une acceptation sans r\u00e9serve par l\u2019acheteur des pr\u00e9sentes conditions de vente.<\/li>\n\n\n\n<li>Ces conditions de vente pr\u00e9vaudront sur toutes autres conditions g\u00e9n\u00e9rales ou particuli\u00e8res non express\u00e9ment accept\u00e9es par \u00e9crit et pr\u00e9alablement \u00e0 toute commande par Le Domaine des G\u00e9l\u00e9ries. Le Domaine des G\u00e9l\u00e9ries se r\u00e9serve de pouvoir modifier ses conditions de vente \u00e0 tout moment. Dans ce cas, les conditions applicables seront celles en vigueur \u00e0 la date de la commande par l\u2019acheteur.<br>\u200b<\/li>\n\n\n\n<li>Nos d\u00e9lais de livraison sont compris entre\u00a05 et\u00a010 jours ouvrables, la gratuit\u00e9 du transport pour toute commande sup\u00e9rieure \u00e0 59 bouteilles n&rsquo;est valable uniquement sur les bouteilles. Les frais de transport sur les cubitainers sont en sus et demandent un chiffrage au pr\u00e9alable. Ce dernier peut \u00eatre demand\u00e9 par mail : domainedesgeleries@orange.fr <\/li>\n\n\n\n<li>Le client doit v\u00e9rifier l\u2019\u00e9tat des colis, formuler par \u00e9crit toutes ses r\u00e9serves d\u00e9taill\u00e9es ainsi que les causes du d\u00e9faut sur les bordereaux de livraison et, en cas de dommage, exercer ses recours dans les conditions l\u00e9gales contre le transporteur.<\/li>\n\n\n\n<li>Les produits propos\u00e9s sont ceux qui figurent dans le catalogue virtuel du site Le Domaine des G\u00e9l\u00e9ries. Ces produits sont propos\u00e9s dans la limite des stocks disponibles. Chaque produit est accompagn\u00e9 d\u2019un descriptif \u00e9tabli par Le Domaine des G\u00e9l\u00e9ries. Les photographies du catalogue sont les plus fid\u00e8les possibles mais ne peuvent assurer une similitude parfaite avec le produit offert, notamment en ce qui concerne les couleurs.<\/li>\n\n\n\n<li>Les prix figurant sur le site Le Domaine des G\u00e9l\u00e9ries sont des prix TTC en euros tenant compte de la TVA applicable au jour de la commande; tout changement du taux pourra \u00eatre r\u00e9percut\u00e9 sur le prix des produits ou des services. Le Domaine des G\u00e9l\u00e9ries se r\u00e9serve de modifier ses prix \u00e0 tout moment, \u00e9tant toutefois entendu que le prix figurant au catalogue le jour de la commande sera le seul applicable \u00e0 l\u2019acheteur. Les prix indiqu\u00e9s comprennent les frais de traitement de commandes.<\/li>\n<\/ul>\n\n\n\n<ul class=\"wp-block-list\">\n<li>La vente en ligne des produits pr\u00e9sent\u00e9s dans le site est r\u00e9serv\u00e9e aux acheteurs qui r\u00e9sident en France m\u00e9tropolitaine et pour des livraisons requises dans cette zone g\u00e9ographique.<\/li>\n\n\n\n<li>L\u2019acheteur, qui souhaite acheter un produit ou un service doit obligatoirement :\n<ol class=\"wp-block-list\">\n<li>remplir la fiche d\u2019identification sur laquelle il indiquera toutes les coordonn\u00e9es demand\u00e9es ou donner son num\u00e9ro de client s\u2019il en a un;<\/li>\n\n\n\n<li>remplir le bon de commande en ligne en donnant toutes les r\u00e9f\u00e9rences des produits;<\/li>\n\n\n\n<li>valider sa commande apr\u00e8s l\u2019avoir v\u00e9rifi\u00e9e. Seule une commande parfaitement v\u00e9rifi\u00e9e compl\u00e9t\u00e9e par le client dans tous les champs requis peut \u00eatre trait\u00e9e et passer au module de r\u00e8glement\u00a0;<\/li>\n\n\n\n<li>effectuer le paiement dans les conditions pr\u00e9vues;<\/li>\n\n\n\n<li>confirmer sa commande et son r\u00e8glement. L\u2019ensemble des donn\u00e9es fournies et la confirmation enregistr\u00e9e vaudront preuve de la transaction. La confirmation vaudra signature et acceptation des op\u00e9rations effectu\u00e9es. Le vendeur communiquera par courrier \u00e9lectronique confirmation de la commande enregistr\u00e9e.<\/li>\n<\/ol>\n<\/li>\n\n\n\n<li>Le prix est payable \u00e0 la commande. Les paiements seront effectu\u00e9s soit par carte bancaire\u00a0: ils seront r\u00e9alis\u00e9s par le biais du syst\u00e8me s\u00e9curis\u00e9, la commande ne sera exp\u00e9di\u00e9e qu\u2019apr\u00e8s validation de ce paiement; soit par ch\u00e8que, dans ce cas la commande ne sera exp\u00e9di\u00e9e qu\u2019apr\u00e8s r\u00e9ception du ch\u00e8que et encaissement du prix. Aucun escompte n\u2019est accord\u00e9 pour r\u00e8glement anticip\u00e9.<\/li>\n\n\n\n<li>Les bouteilles doivent \u00eatre tenues dans un endroit sec, \u00e0 l\u2019abri de la chaleur et du gel. Les exp\u00e9ditions sont faites sans garantie contre le gel. Nous garantissons la bonne qualit\u00e9 de nos vins, sans que notre responsabilit\u00e9 puisse \u00eatre recherch\u00e9e au-del\u00e0 du remplacement pur et simple de la marchandise jug\u00e9e d\u00e9fectueuse. Le client renonce \u00e0 sa facult\u00e9 d\u2019agr\u00e9er les produits. La conformit\u00e9 de la livraison \u00e0 la commande emporte la parfaite conformit\u00e9 des produits.<\/li>\n<\/ul>\n","protected":false},"excerpt":{"rendered":"","protected":false},"author":1,"featured_media":0,"parent":0,"menu_order":0,"comment_status":"closed","ping_status":"closed","template":"","meta":{"neve_meta_sidebar":"full-width","neve_meta_container":"","neve_meta_enable_content_width":"on","neve_meta_content_width":100,"neve_meta_title_alignment":"","neve_meta_author_avatar":"","neve_post_elements_order":"","neve_meta_disable_header":"","neve_meta_disable_footer":"","neve_meta_disable_title":"","footnotes":""},"class_list":["post-223","page","type-page","status-publish","hentry"],"yoast_head":"<!-- This site is optimized with the Yoast SEO plugin v27.3 - https:\/\/yoast.com\/product\/yoast-seo-wordpress\/ -->\n<title>Conditions g\u00e9n\u00e9rales de vente - Domaine des G\u00e9l\u00e9ries<\/title>\n<meta name=\"description\" content=\"Conditions g\u00e9n\u00e9rales de vente\" \/>\n<meta name=\"robots\" content=\"noindex, follow\" \/>\n<meta property=\"og:locale\" content=\"fr_FR\" \/>\n<meta property=\"og:type\" content=\"article\" \/>\n<meta property=\"og:title\" content=\"Conditions g\u00e9n\u00e9rales de vente - Domaine des G\u00e9l\u00e9ries\" \/>\n<meta property=\"og:description\" content=\"Conditions g\u00e9n\u00e9rales de vente\" \/>\n<meta property=\"og:url\" content=\"https:\/\/domainedesgeleries.com\/index.php\/conditions-generales-de-vente\/\" \/>\n<meta property=\"og:site_name\" content=\"Domaine des G\u00e9l\u00e9ries\" \/>\n<meta property=\"article:publisher\" content=\"https:\/\/www.facebook.com\/domainedesgeleries\/\" \/>\n<meta property=\"article:modified_time\" content=\"2025-11-19T17:58:46+00:00\" \/>\n<meta name=\"twitter:card\" content=\"summary_large_image\" \/>\n<meta name=\"twitter:label1\" content=\"Dur\u00e9e de lecture estim\u00e9e\" \/>\n\t<meta name=\"twitter:data1\" content=\"4 minutes\" \/>\n<script type=\"application\/ld+json\" class=\"yoast-schema-graph\">{\"@context\":\"https:\\\/\\\/schema.org\",\"@graph\":[{\"@type\":\"WebPage\",\"@id\":\"https:\\\/\\\/domainedesgeleries.com\\\/index.php\\\/conditions-generales-de-vente\\\/\",\"url\":\"https:\\\/\\\/domainedesgeleries.com\\\/index.php\\\/conditions-generales-de-vente\\\/\",\"name\":\"Conditions g\u00e9n\u00e9rales de vente - Domaine des G\u00e9l\u00e9ries\",\"isPartOf\":{\"@id\":\"https:\\\/\\\/domainedesgeleries.com\\\/#website\"},\"datePublished\":\"2020-06-26T16:40:44+00:00\",\"dateModified\":\"2025-11-19T17:58:46+00:00\",\"description\":\"Conditions g\u00e9n\u00e9rales de vente\",\"breadcrumb\":{\"@id\":\"https:\\\/\\\/domainedesgeleries.com\\\/index.php\\\/conditions-generales-de-vente\\\/#breadcrumb\"},\"inLanguage\":\"fr-FR\",\"potentialAction\":[{\"@type\":\"ReadAction\",\"target\":[\"https:\\\/\\\/domainedesgeleries.com\\\/index.php\\\/conditions-generales-de-vente\\\/\"]}]},{\"@type\":\"BreadcrumbList\",\"@id\":\"https:\\\/\\\/domainedesgeleries.com\\\/index.php\\\/conditions-generales-de-vente\\\/#breadcrumb\",\"itemListElement\":[{\"@type\":\"ListItem\",\"position\":1,\"name\":\"Accueil\",\"item\":\"https:\\\/\\\/domainedesgeleries.com\\\/\"},{\"@type\":\"ListItem\",\"position\":2,\"name\":\"Conditions g\u00e9n\u00e9rales de vente\"}]},{\"@type\":\"WebSite\",\"@id\":\"https:\\\/\\\/domainedesgeleries.com\\\/#website\",\"url\":\"https:\\\/\\\/domainedesgeleries.com\\\/\",\"name\":\"Domaine des G\u00e9l\u00e9ries\",\"description\":\"Vignerons depuis 1913\",\"publisher\":{\"@id\":\"https:\\\/\\\/domainedesgeleries.com\\\/#organization\"},\"potentialAction\":[{\"@type\":\"SearchAction\",\"target\":{\"@type\":\"EntryPoint\",\"urlTemplate\":\"https:\\\/\\\/domainedesgeleries.com\\\/?s={search_term_string}\"},\"query-input\":{\"@type\":\"PropertyValueSpecification\",\"valueRequired\":true,\"valueName\":\"search_term_string\"}}],\"inLanguage\":\"fr-FR\"},{\"@type\":\"Organization\",\"@id\":\"https:\\\/\\\/domainedesgeleries.com\\\/#organization\",\"name\":\"Domaine des G\u00e9l\u00e9ries\",\"url\":\"https:\\\/\\\/domainedesgeleries.com\\\/\",\"logo\":{\"@type\":\"ImageObject\",\"inLanguage\":\"fr-FR\",\"@id\":\"https:\\\/\\\/domainedesgeleries.com\\\/#\\\/schema\\\/logo\\\/image\\\/\",\"url\":\"https:\\/\\/domainedesgeleries.com\\/wp-content\\/uploads\\/2020\\/06\\/logo-domaine-des-geleries-1.png\",\"contentUrl\":\"https:\\/\\/domainedesgeleries.com\\/wp-content\\/uploads\\/2020\\/06\\/logo-domaine-des-geleries-1.png\",\"width\":400,\"height\":190,\"caption\":\"Domaine des G\u00e9l\u00e9ries\"},\"image\":{\"@id\":\"https:\\\/\\\/domainedesgeleries.com\\\/#\\\/schema\\\/logo\\\/image\\\/\"},\"sameAs\":[\"https:\\\/\\\/www.facebook.com\\\/domainedesgeleries\\\/\"]}]}<\/script>\n<!-- \/ Yoast SEO plugin. -->","yoast_head_json":{"title":"Conditions g\u00e9n\u00e9rales de vente - Domaine des G\u00e9l\u00e9ries","description":"Conditions g\u00e9n\u00e9rales de vente","robots":{"index":"noindex","follow":"follow"},"og_locale":"fr_FR","og_type":"article","og_title":"Conditions g\u00e9n\u00e9rales de vente - Domaine des G\u00e9l\u00e9ries","og_description":"Conditions g\u00e9n\u00e9rales de vente","og_url":"https:\/\/domainedesgeleries.com\/index.php\/conditions-generales-de-vente\/","og_site_name":"Domaine des G\u00e9l\u00e9ries","article_publisher":"https:\/\/www.facebook.com\/domainedesgeleries\/","article_modified_time":"2025-11-19T17:58:46+00:00","twitter_card":"summary_large_image","twitter_misc":{"Dur\u00e9e de lecture estim\u00e9e":"4 minutes"},"schema":{"@context":"https:\/\/schema.org","@graph":[{"@type":"WebPage","@id":"https:\/\/domainedesgeleries.com\/index.php\/conditions-generales-de-vente\/","url":"https:\/\/domainedesgeleries.com\/index.php\/conditions-generales-de-vente\/","name":"Conditions g\u00e9n\u00e9rales de vente - Domaine des G\u00e9l\u00e9ries","isPartOf":{"@id":"https:\/\/domainedesgeleries.com\/#website"},"datePublished":"2020-06-26T16:40:44+00:00","dateModified":"2025-11-19T17:58:46+00:00","description":"Conditions g\u00e9n\u00e9rales de vente","breadcrumb":{"@id":"https:\/\/domainedesgeleries.com\/index.php\/conditions-generales-de-vente\/#breadcrumb"},"inLanguage":"fr-FR","potentialAction":[{"@type":"ReadAction","target":["https:\/\/domainedesgeleries.com\/index.php\/conditions-generales-de-vente\/"]}]},{"@type":"BreadcrumbList","@id":"https:\/\/domainedesgeleries.com\/index.php\/conditions-generales-de-vente\/#breadcrumb","itemListElement":[{"@type":"ListItem","position":1,"name":"Accueil","item":"https:\/\/domainedesgeleries.com\/"},{"@type":"ListItem","position":2,"name":"Conditions g\u00e9n\u00e9rales de vente"}]},{"@type":"WebSite","@id":"https:\/\/domainedesgeleries.com\/#website","url":"https:\/\/domainedesgeleries.com\/","name":"Domaine des G\u00e9l\u00e9ries","description":"Vignerons depuis 1913","publisher":{"@id":"https:\/\/domainedesgeleries.com\/#organization"},"potentialAction":[{"@type":"SearchAction","target":{"@type":"EntryPoint","urlTemplate":"https:\/\/domainedesgeleries.com\/?s={search_term_string}"},"query-input":{"@type":"PropertyValueSpecification","valueRequired":true,"valueName":"search_term_string"}}],"inLanguage":"fr-FR"},{"@type":"Organization","@id":"https:\/\/domainedesgeleries.com\/#organization","name":"Domaine des G\u00e9l\u00e9ries","url":"https:\/\/domainedesgeleries.com\/","logo":{"@type":"ImageObject","inLanguage":"fr-FR","@id":"https:\/\/domainedesgeleries.com\/#\/schema\/logo\/image\/","url":"https:\/\/mlzmfwuqjosb.i.optimole.com\/w:auto\/h:auto\/q:mauto\/f:best\/https:\/\/domainedesgeleries.com\/wp-content\/uploads\/2020\/06\/logo-domaine-des-geleries-1.png","contentUrl":"https:\/\/mlzmfwuqjosb.i.optimole.com\/w:auto\/h:auto\/q:mauto\/f:best\/https:\/\/domainedesgeleries.com\/wp-content\/uploads\/2020\/06\/logo-domaine-des-geleries-1.png","width":400,"height":190,"caption":"Domaine des G\u00e9l\u00e9ries"},"image":{"@id":"https:\/\/domainedesgeleries.com\/#\/schema\/logo\/image\/"},"sameAs":["https:\/\/www.facebook.com\/domainedesgeleries\/"]}]}},"_links":{"self":[{"href":"https:\/\/domainedesgeleries.com\/index.php\/wp-json\/wp\/v2\/pages\/223","targetHints":{"allow":["GET"]}}],"collection":[{"href":"https:\/\/domainedesgeleries.com\/index.php\/wp-json\/wp\/v2\/pages"}],"about":[{"href":"https:\/\/domainedesgeleries.com\/index.php\/wp-json\/wp\/v2\/types\/page"}],"author":[{"embeddable":true,"href":"https:\/\/domainedesgeleries.com\/index.php\/wp-json\/wp\/v2\/users\/1"}],"replies":[{"embeddable":true,"href":"https:\/\/domainedesgeleries.com\/index.php\/wp-json\/wp\/v2\/comments?post=223"}],"version-history":[{"count":3,"href":"https:\/\/domainedesgeleries.com\/index.php\/wp-json\/wp\/v2\/pages\/223\/revisions"}],"predecessor-version":[{"id":1964,"href":"https:\/\/domainedesgeleries.com\/index.php\/wp-json\/wp\/v2\/pages\/223\/revisions\/1964"}],"wp:attachment":[{"href":"https:\/\/domainedesgeleries.com\/index.php\/wp-json\/wp\/v2\/media?parent=223"}],"curies":[{"name":"wp","href":"https:\/\/api.w.org\/{rel}","templated":true}]}}